7 composite?
True
Is 3305917 a composite number?
False
Is 486358927 a composite number?
False
Is 54129919 a prime number?
True
Is 208308103 a composite number?
True
Is 861199 a composite number?
False
Is 1007987 composite?
True
Is 34853237 composite?
False
Is 273697 prime?
True
Is 1063798774 prime?
False
Is 234083 composite?
False
Is 833905 a composite number?
True
Is 333470707 a prime number?
True
Is 666013 composite?
False
Is 65651851 composite?
False
Is 6491951 prime?
True
Is 8608291 a composite number?
False
Is 7675039 composite?
True
Is 270719 a prime number?
True
Is 60622327 composite?
True
Is 696343 prime?
True
Is 12465319 composite?
True
Is 124092113 prime?
True
Is 10882871 prime?
False
Is 174244387 composite?
True
Is 56831651 a prime number?
True
Is 4474417 composite?
True
Is 746860067 composite?
True
Is 72843889 a composite number?
True
Is 90819643 prime?
True
Is 630107 a composite number?
False
Is 366501 a prime number?
False
Is 31180229 a prime number?
True
Is 88759661 composite?
True
Is 587017 composite?
False
Is 20614337 prime?
True
Is 9170179 composite?
True
Is 37769551 a composite number?
True
Is 53406179 a prime number?
True
Is 2988497 a composite number?
False
Is 12663359 composite?
False
Is 12616339 composite?
False
Is 2969195 composite?
True
Is 12512281 composite?
False
Is 658303 composite?
False
Is 19100671 a prime number?
True
Is 2961493 a prime number?
False
Is 78922271 prime?
False
Is 2938391 composite?
False
Is 10927309 a prime number?
True
Is 14517401 prime?
True
Is 3395531 a prime number?
True
Is 350213 composite?
False
Is 33379 a prime number?
False
Is 11553837 a composite number?
True
Is 225609731 a composite number?
False
Is 3142453 a composite number?
False
Is 1587197 a prime number?
True
Is 4763609 a prime number?
True
Is 12465581 a prime number?
True
Is 39051571 a composite number?
True
Is 892636421 composite?
False
Is 4725221 composite?
False
Is 3060521 prime?
False
Is 26045 a composite number?
True
Is 148280941 composite?
True
Is 93727037 composite?
True
Is 52253549 a prime number?
False
Is 249818851 composite?
True
Is 11336933 a prime number?
True
Is 192969185 a composite number?
True
Is 45103651 composite?
False
Is 101064941 composite?
False
Is 1035813209 composite?
True
Is 7118833 a prime number?
False
Is 95633495 prime?
False
Is 116156441 a prime number?
True
Is 97994109 prime?
False
Is 319395463 composite?
False
Is 2818777 composite?
True
Is 16592063 a composite number?
False
Is 1172179 a composite number?
False
Is 2388363 prime?
False
Is 42294059 a prime number?
True
Is 554654791 prime?
True
Is 95200661 prime?
True
Is 4276885 a prime number?
False
Is 289243211 a composite number?
False
Is 11390789 prime?
True
Is 1767967 composite?
True
Is 94780501 a composite number?
True
Is 91479653 a composite number?
True
Is 609500729 prime?
True
Is 109008971 a prime number?
True
Is 176040629 prime?
True
Is 1629869 a composite number?
False
Is 10358067 prime?
False
Is 51427451 a prime number?
True
Is 8609681 a composite number?
True
Is 1916113 prime?
False
Is 310931459 a composite number?
False
Is 24297817 a prime number?
True
Is 57031291 a composite number?
False
Is 2238718 composite?
True
Is 108165166 prime?
False
Is 2944057 a prime number?
True
Is 102151 a composite number?
True
Is 1057933 composite?
True
Is 16843631 a composite number?
True
Is 8287499 composite?
True
Is 160034513 prime?
True
Is 7249829 prime?
True
Is 79909379 composite?
True
Is 98000482 composite?
True
Is 3615641 a composite number?
False
Is 3469099 a prime number?
True
Is 66660541 a composite number?
False
Is 171754049 prime?
True
Is 124519289 a prime number?
False
Is 5043097 composite?
True
Is 4061587 composite?
True
Is 46351951 prime?
True
Is 27698353 prime?
False
Is 20640233 a composite number?
False
Is 140036979 prime?
False
Is 251005385 a prime number?
False
Is 1932083 a composite number?
True
Is 2593439 a prime number?
True
Is 80911729 a composite number?
True
Is 1445149 prime?
True
Is 46398977 prime?
True
Is 152190833 composite?
False
Is 78082657 a prime number?
False
Is 371080661 prime?
False
Is 6230197 a composite number?
True
Is 537547 a composite number?
False
Is 20612749 a prime number?
False
Is 17459521 a prime number?
True
Is 26547109 composite?
True
Is 156681313 prime?
False
Is 31337833 composite?
True
Is 112111465 a prime number?
False
Is 9737473 composite?
True
Is 180485653 composite?
False
Is 4364401 a composite number?
False
Is 51604513 composite?
True
Is 33661493 prime?
True
Is 14962457 a prime number?
True
Is 626317 a composite number?
False
Is 410645254 a composite number?
True
Is 12247141 a composite number?
False
Is 14485459 prime?
True
Is 43195871 a prime number?
True
Is 1765102 prime?
False
Is 55990157 a composite number?
False
Is 8210599 prime?
True
Is 536550757 a prime number?
True
Is 4377473 a composite number?
False
Is 58632281 prime?
True
Is 9398899 prime?
True
Is 19339297 prime?
False
Is 4387767 a prime number?
False
Is 57359713 a prime number?
False
Is 35080933 a prime number?
False
Is 36417967 prime?
False
Is 37554477 prime?
False
Is 8109437 composite?
True
Is 830758957 composite?
True
Is 17599557 composite?
True
Is 161357363 a prime number?
False
Is 33200423 a composite number?
True
Is 448697 composite?
False
Is 2775443 a composite number?
True
Is 1086017 a composite number?
True
Is 71442389 composite?
False
Is 46094509 prime?
True
Is 114388133 prime?
True
Is 21128689 composite?
True
Is 13033477 prime?
False
Is 153045167 a prime number?
False
Is 524618473 a prime number?
True
Is 11110951 prime?
False
Is 3035497 a prime number?
False
Is 2762411 prime?
True
Is 931303 a composite number?
False
Is 471348679 composite?
False
Is 164664007 composite?
False
Is 45772541 prime?
True
Is 29822041 prime?
True
Is 345369 prime?
False
Is 2373331 prime?
False
Is 862021 composite?
True
Is 407535901 composite?
False
Is 63093139 a prime number?
True
Is 435947 prime?
True
Is 3511357 composite?
True
Is 588569 a composite number?
False
Is 3596973 a prime number?
False
Is 4846511 prime?
False
Is 17659129 a composite number?
True
Is 6578401 prime?
False
Is 514049 a prime number?
True
Is 159227851 prime?
True
Is 44813261 a prime number?
True
Is 7970471 a composite number?
False
Is 1373867 a composite number?
True
Is 481920559 prime?
True
Is 660643 a prime number?
True
Is 1599769 a composite number?
True
Is 40227293 a composite number?
True
Is 1217977 a prime number?
True
Is 11433533 composite?
False
Is 63927887 a composite number?
True
Is 86949983 a composite number?
False
Is 153836261 a prime number?
False
Is 76503587 a prime number?
False
Is 3573949 a prime number?
False
Is 22496447 composite?
False
Is 6377851 a composite number?
True
Is 450493 composite?
False
Is 453560497 prime?
False
Is 8762099 a composite number?
False
Is 20086951 prime?
True
Is 2505983 prime?
True
Is 42571829 prime?
True
Is 55966499 a composite number?
True
Is 10506983 a prime number?
True
Is 3677533 composite?
False
Is 17641159 composite?
False
Is 35326387 a composite number?
False
Is 112680517 prime?
False
Is 89644843 prime?
True
Is 70964269 composite?
True
Is 45715141 prime?
True
Is 357941 prime?
False
Is 71147815 a composite number?
True
Is 63568051 prime?
True
Is 3848989 a prime number?
False
Is 4223557 a composite number?
True
Is 48907 composite?
False
Is 10601301 a prime number?
False
Is 4549586 composite?
True
Is 2113229 a composite number?
False
Is 15001499 prime?
True
Is 55581263 a prime number?
True
Is 1025473091 a prime number?
False
Is 6450655 a prime number?
False
Is 24801949 prime?
False
Is 1495513 a prime number?
False
Is 206216077 prime?
False
Is 6155209 prime?
False
Is 72802531 a composite number?
False
Is 6938557 composite?
False
Is 200227 composite?
False
Is 40469053 a composite number?
True
Is 23854871 prime?
True
Is 2446085 a prime number?
False
Is 32450126 a prime number?
False
Is 32269507 a composite number?
False
Is 5400133 composite?
True
Is 901507 composite?
True
Is 24381271 a composite number?
False
Is 100932907 a composite number?
False
Is 7175222 a composite number?
True
Is 155888539 a composite number?
True
Is 660713 a composite number?
True
Is 154319 composite?
True
Is 15382057 a composite number?
False
Is 296294137 a composit